to base 13
24
Convert 9 (base 14) to base 7.
12
What is 16 (base 9) in base 15?
10
11 (base 2) to base 3
10
101 (base 2) to base 3
12
What is -3 (base 15) in base 7?
-3
What is -19 (base 11) in base 14?
-16
-27 (base 14) to base 12
-2b
What is -21 (base 3) in base 13?
-7
Convert -1b (base 13) to base 3.
-220
What is 10 (base 6) in base 14?
6
What is 201 (base 5) in base 12?
43
-110 (base 3) to base 7
-15
Convert -3 (base 15) to base 11.
-3
2 (base 10) to base 14
2
What is 3 (base 12) in base 7?
3
-11 (base 9) to base 15
-a
Convert -36 (base 11) to base 6.
-103
What is c0 (base 15) in base 2?
10110100
47 (base 10) to base 5
142
Convert -1 (base 2) to base 5.
-1
0 (base 16) to base 10
0
Convert 100 (base 2) to base 10.
4
-102201 (base 3) to base 10
-316
-22 (base 5) to base 13
-c
-6 (base 9) to base 15
-6
Convert a (base 13) to base 2.
1010
What is 1 (base 16) in base 12?
1
Convert 0 (base 8) to base 12.
0
Convert 20 (base 4) to base 7.
11
Convert 1b (base 12) to base 3.
212
4 (base 9) to base 8
4
-203 (base 5) to base 9
-58
What is 4d (base 16) in base 12?
65
What is -445 (base 6) in base 11?
-148
What is 0 (base 15) in base 2?
0
Convert -17 (base 16) to base 4.
-113
-2040 (base 5) to base 13
-17a
6 (base 15) to base 12
6
What is 2 (base 8) in base 13?
2
Convert -58 (base 12) to base 13.
-53
3 (base 8) to base 2
11
-11 (base 11) to base 10
-12
What is 3 (base 16) in base 12?
3
21 (base 9) to base 5
34
What is a3 (base 12) in base 3?
11120
What is 5 (base 9) in base 4?
11
Convert 150 (base 6) to base 12.
56
Convert 2e (base 16) to base 9.
51
-1 (base 7) to base 12
-1
What is -54 (base 15) in base 13?
-61
What is 44 (base 6) in base 16?
1c
What is 4 (base 5) in base 14?
4
-4 (base 16) to base 7
-4
Convert -2 (base 5) to base 11.
-2
0 (base 8) to base 14
0
What is -29 (base 12) in base 3?
-1020
-36 (base 7) to base 16
-1b
Convert -1131 (base 7) to base 4.
-12132
What is -13 (base 12) in base 4?
-33
What is -14 (base 12) in base 14?
-12
Convert 5b (base 12) to base 7.
131
What is -70 (base 8) in base 7?
-110
What is 1 (base 10) in base 6?
1
Convert 1010 (base 2) to base 15.
a
3 (base 16) to base 11
3
Convert -30 (base 4) to base 16.
-c
Convert 40 (base 7) to base 15.
1d
43 (base 10) to base 13
34
What is 0 (base 10) in base 12?
0
Convert 10011101 (base 2) to base 5.
1112
0 (base 11) to base 16
0
Convert 281 (base 9) to base 8.
353
-122 (base 12) to base 7
-332
What is 1 (base 15) in base 6?
1
What is 232 (base 7) in base 4?
1321
-2 (base 9) to base 6
-2
200 (base 5) to base 10
50
Convert -9 (base 14) to base 16.
-9
-14 (base 7) to base 15
-b
-10123 (base 4) to base 7
-553
Convert -19 (base 11) to base 15.
-15
57 (base 9) to base 7
103
-3 (base 5) to base 13
-3
What is 111 (base 8) in base 11?
67
30 (base 15) to base 11
41
What is 126 (base 10) in base 8?
176
Convert 100020 (base 3) to base 15.
119
Convert -11100 (base 3) to base 6.
-313
-2 (base 8) to base 15
-2
Convert 0 (base 5) to base 3.
0
What is -2 (base 8) in base 7?
-2
-21 (base 7) to base 13
-12
Convert -6 (base 13) to base 4.
-12
What is -16 (base 8) in base 7?
-20
Convert 2 (base 9) to base 11.
2
Convert -5 (base 16) to base 3.
-12
2 (base 14) to base 6
2
-24 (base 6) to base 5
-31
1 (base 11) to base 13
1
-4 (base 14) to base 13
-4
Convert -5 (base 6) to base 10.
-5
Convert 7c (base 16) to base 10.
124
-210 (base 3) to base 15
-16
20 (base 4) to base 13
8
What is 1a (base 14) in base 7?
33
Convert -6 (base 12) to base 11.
-6
What is -35 (base 15) in base 3?
-1212
What is 5 (base 10) in base 15?
5
15 (base 14) to base 2
10011
Convert 3 (base 9) to base 7.
3
What is 1404 (base 5) in base 6?
1021
What is -3 (base 9) in base 5?
-3
Convert -2 (base 3) to base 16.
-2
What is 23 (base 12) in base 2?
11011
Convert 107 (base 8) to base 2.
1000111
Convert 0 (base 15) to base 16.
0
23 (base 7) to base 14
13
What is 2d (base 16) in base 5?
140
What is -7 (base 8) in base 14?
-7
What is 3 (base 15) in base 16?
3
-137 (base 8) to base 3
-10112
What is -a (base 12) in base 8?
-12
What is 64 (base 10) in base 6?
144
What is -11100 (base 2) in base 14?
-20
Convert 10 (base 4) to base 11.
4
What is 1252 (base 6) in base 14?
18c
What is 3 (base 6) in base 13?
3
What is -5e (base 15) in base 12?
-75
What is 11 (base 13) in base 5?
24
1011 (base 3) to base 16
1f
-6 (base 9) to base 5
-11
-2 (base 4) to base 11
-2
-6 (base 8) to base 3
-20
Convert 60 (base 10) to base 2.
111100
5 (base 8) to base 9
5
-11 (base 4) to base 16
-5
Convert 104 (base 14) to base 2.
11001000
Convert 2 (base 9) to base 13.
2
What is -143 (base 10) in base 3?
-12022
What is 2 (base 6) in base 2?
10
What is -23 (base 6) in base 8?
-17
Convert -42 (base 15) to base 14.
-46
What is 12 (base 5) in base 4?
13
13 (base 15) to base 7
24
-24 (base 8) to base 9
-22
Convert -21 (base 9) to base 7.
-25
What is 304 (base 6) in base 2?
1110000
What is -6 (base 9) in base 15?
-6
-21202 (base 3) to base 7
-416
What is -1a (base 13) in base 7?
-32
-19 (base 10) to base 16
-13
-41 (base 10) to base 16
-29
Convert -10 (base 2) to base 9.
-2
-72 (base 15) to base 13
-83
Convert -223 (base 6) to base 10.
-87
-5 (base 14) to base 7
-5
Convert 9 (base 13) to base 4.
21
Convert 1000 (base 2) to base 12.
8
What is 312 (base 4) in base 8?
66
111 (base 2) to base 5
12
-1 (base 3) to base 5
-1
What is -1 (base 15) in base 13?
-1
9 (base 10) to base 11
9
-2 (base 14) to base 13
-2
What is 0 (base 5) in base 15?
0
12 (base 10) to base 16
c
Convert -22 (base 4) to base 2.
-1010
What is -2142 (base 5) in base 16?
-129
What is 1 (base 13) in base 14?
1
What is -40 (base 7) in base 10?
-28
Convert 13 (base 15) to base 9.
20
Convert -10002 (base 3) to base 2.
-1010011
Convert 3 (base 11) to base 9.
3
What is 24 (base 7) in base 14?
14
-110010 (base 2) to base 7
-101
What is -1 (base 10) in base 5?
-1
-1033 (base 4) to base 14
-59
What is 64 (base 7) in base 5?
141
What is -21 (base 6) in base 3?
-111
What is 0 (base 7) in base 15?
0
Convert 33 (base 8) to base 5.
102
Convert -20 (base 14) to base 7.
-40
What is -51 (base 6) in base 9?
-34
27 (base 10) to base 12
23
Convert 42 (base 12) to base 5.
200
What is 45 (base 7) in base 6?
53
Convert -78 (base 10) to base 5.
-303
Convert -14 (base 11) to base 2.
-1111
Convert 41 (base 6) to base 9.
27
Convert 110 (base 3) to base 10.
12
Convert -25 (base 10) to base 12.
-21
-170 (base 10) to base 13
-101
Convert 546 (base 7) to base 9.
340
What is 21 (base 6) in base 3?
111
Convert 3 (base 8) to base 7.
3
Convert 5 (base 13) to base 15.
5
Convert -6 (base 13) to base 6.
-10
What is -13 (base 12) in base 4?
-33
-5 (base 11) to base 8
-5
Convert 12 (base 3) to base 11.
5
2 (base 7) to base 3
2
What is 76 (base 10) in base 5?
301
1 (base 4) to base 13
1
Convert 1a (base 11) to base 13.
18
What is 38 (base 12) in base 5?
134
What is 9 (base 10) in base 8?
11
39 (base 13) to base 8
60
What is -d (base 15) in base 16?
-d
Convert -110 (base 5) to base 10.
-30
What is -9 (base 13) in base 7?
-12
18 (base 10) to base 16
12
Convert -3 (base 4) to base 13.
-3
-6d (base 16) to base 6
-301
What is 122 (base 3) in base 10?
17
1200 (base 3) to base 14
33
What is 36 (base 7) in base 11?
25
What is a (base 12) in base 6?
14
-87 (base 13) to base 15
-76
What is -243 (base 5) in base 8?
-111
What is 4 (base 5) in base 6?
4
What is 5 (base 16) in base 2?
101
Convert -39 (base 16) to base 13.
-45
Convert 1c (base 16) to base 5.
103
32 (base 12) to base 16
26
What is 41 (base 9) in base 10?
37
Convert -123 (base 6) to base 13.
-3c
What is -74 (base 13) in base 12?
-7b
What is 443 (base 6) in base 7?
333
Convert -38 (base 10) to base 7.
-53
What is 2 (base 3) in base 8?
2
-111 (base 4) to base 6
-33
What is -2 (base 11) in base 6?
-2
-151 (base 10) to base 7
-304
What is b6 (base 13) in base 3?
12112
-372 (base 8) to base 3
-100021
10 (base 2) to base 11
2
-51 (base 7) to base 12
-30
Convert 10 (base 4) to base 8.
4
Convert -11 (base 8) to base 13.
-9
Convert -1101 (base 3) to base 13.
-2b
25 (base 7) to base 3
201
-3 (base 6) to base 11
-3
-7 (base 16) to base 9
-7
20 (base 4) to base 16
8
What is 0 (base 8) in base 12?
0
Convert 14 (base 16) to base 6.
32
Convert f (base 16) to base 3.
120
What is -42 (base 9) in base 8?
-46
Convert 30 (base